{"id":873,"date":"2025-09-24T10:20:47","date_gmt":"2025-09-24T10:20:47","guid":{"rendered":"https:\/\/talajoaillerie.com\/?page_id=873"},"modified":"2026-02-20T12:25:55","modified_gmt":"2026-02-20T12:25:55","slug":"bagues","status":"publish","type":"page","link":"https:\/\/talajoaillerie.com\/index.php\/bagues\/","title":{"rendered":"Bagues"},"content":{"rendered":"\t\t<div data-elementor-type=\"wp-page\" data-elementor-id=\"873\" class=\"elementor elementor-873\" data-elementor-post-type=\"page\">\n\t\t\t\t<div class=\"elementor-element elementor-element-3adb25e e-flex e-con-boxed e-con e-parent\" data-id=\"3adb25e\" data-element_type=\"container\">\n\t\t\t\t\t<div class=\"e-con-inner\">\n\t\t\t\t<div class=\"elementor-element elementor-element-01f8072 elementor-widget elementor-widget-spacer\" data-id=\"01f8072\" data-element_type=\"widget\" data-widget_type=\"spacer.default\">\n\t\t\t\t\t\t\t<div class=\"elementor-spacer\">\n\t\t\t<div class=\"elementor-spacer-inner\"><\/div>\n\t\t<\/div>\n\t\t\t\t\t\t<\/div>\n\t\t\t\t\t<\/div>\n\t\t\t\t<\/div>\n\t\t<div class=\"elementor-element elementor-element-77f8197 e-flex e-con-boxed e-con e-parent\" data-id=\"77f8197\" data-element_type=\"container\" data-settings=\"{&quot;background_background&quot;:&quot;classic&quot;}\">\n\t\t\t\t\t<div class=\"e-con-inner\">\n\t\t<div class=\"elementor-element elementor-element-e1af8bb e-con-full e-flex e-con e-child\" data-id=\"e1af8bb\" data-element_type=\"container\">\n\t\t\t\t<div class=\"elementor-element elementor-element-f257a38 elementor-widget elementor-widget-spacer\" data-id=\"f257a38\" data-element_type=\"widget\" data-widget_type=\"spacer.default\">\n\t\t\t\t\t\t\t<div class=\"elementor-spacer\">\n\t\t\t<div class=\"elementor-spacer-inner\"><\/div>\n\t\t<\/div>\n\t\t\t\t\t\t<\/div>\n\t\t\t\t<div class=\"elementor-element elementor-element-f740fa5 elementor-widget elementor-widget-text-editor\" data-id=\"f740fa5\" data-element_type=\"widget\" data-widget_type=\"text-editor.default\">\n\t\t\t\t\t\t\t\t\t<p>Fabrication artisanale<\/p>\t\t\t\t\t\t\t\t<\/div>\n\t\t\t\t<div class=\"elementor-element elementor-element-5ec6f1d elementor-widget elementor-widget-heading\" data-id=\"5ec6f1d\" data-element_type=\"widget\" data-widget_type=\"heading.default\">\n\t\t\t\t\t<h2 class=\"elementor-heading-title elementor-size-default\">Collection de bagues<\/h2>\t\t\t\t<\/div>\n\t\t\t\t<div class=\"elementor-element elementor-element-ba65681 elementor-widget elementor-widget-text-editor\" data-id=\"ba65681\" data-element_type=\"widget\" data-widget_type=\"text-editor.default\">\n\t\t\t\t\t\t\t\t\t<h5 data-start=\"155\" data-end=\"207\">Les bagues de Maison Tala Joaillerie sont r\u00e9alis\u00e9es en or 18.C et propos\u00e9es en finition dor\u00e9e ou blanche.La collection comprend des mod\u00e8les adapt\u00e9s au quotidien ainsi que des cr\u00e9ations destin\u00e9es \u00e0 des occasions particuli\u00e8res.<br data-start=\"448\" data-end=\"451\" \/>Chaque bague pr\u00e9sente un design sobre et peut \u00eatre port\u00e9e seule ou associ\u00e9e \u00e0 d\u2019autres bijoux. <br \/>Les pi\u00e8ces sont fabriqu\u00e9es de mani\u00e8re artisanale, conform\u00e9ment aux normes en vigueur.<\/h5>\t\t\t\t\t\t\t\t<\/div>\n\t\t\t\t<div class=\"elementor-element elementor-element-7361b6a elementor-align-start elementor-icon-list--layout-traditional elementor-list-item-link-full_width elementor-widget elementor-widget-icon-list\" data-id=\"7361b6a\" data-element_type=\"widget\" data-widget_type=\"icon-list.default\">\n\t\t\t\t\t\t\t<ul class=\"elementor-icon-list-items\">\n\t\t\t\t\t\t\t<li class=\"elementor-icon-list-item\">\n\t\t\t\t\t\t\t\t\t\t\t<span class=\"elementor-icon-list-icon\">\n\t\t\t\t\t\t\t<svg aria-hidden=\"true\" class=\"e-font-icon-svg e-fas-gem\" viewBox=\"0 0 576 512\" xmlns=\"http:\/\/www.w3.org\/2000\/svg\"><path d=\"M485.5 0L576 160H474.9L405.7 0h79.8zm-128 0l69.2 160H149.3L218.5 0h139zm-267 0h79.8l-69.2 160H0L90.5 0zM0 192h100.7l123 251.7c1.5 3.1-2.7 5.9-5 3.3L0 192zm148.2 0h279.6l-137 318.2c-1 2.4-4.5 2.4-5.5 0L148.2 192zm204.1 251.7l123-251.7H576L357.3 446.9c-2.3 2.7-6.5-.1-5-3.2z\"><\/path><\/svg>\t\t\t\t\t\t<\/span>\n\t\t\t\t\t\t\t\t\t\t<span class=\"elementor-icon-list-text\">Fabrication en or 18.C<\/span>\n\t\t\t\t\t\t\t\t\t<\/li>\n\t\t\t\t\t\t\t\t<li class=\"elementor-icon-list-item\">\n\t\t\t\t\t\t\t\t\t\t\t<span class=\"elementor-icon-list-icon\">\n\t\t\t\t\t\t\t<svg aria-hidden=\"true\" class=\"e-font-icon-svg e-fas-gem\" viewBox=\"0 0 576 512\" xmlns=\"http:\/\/www.w3.org\/2000\/svg\"><path d=\"M485.5 0L576 160H474.9L405.7 0h79.8zm-128 0l69.2 160H149.3L218.5 0h139zm-267 0h79.8l-69.2 160H0L90.5 0zM0 192h100.7l123 251.7c1.5 3.1-2.7 5.9-5 3.3L0 192zm148.2 0h279.6l-137 318.2c-1 2.4-4.5 2.4-5.5 0L148.2 192zm204.1 251.7l123-251.7H576L357.3 446.9c-2.3 2.7-6.5-.1-5-3.2z\"><\/path><\/svg>\t\t\t\t\t\t<\/span>\n\t\t\t\t\t\t\t\t\t\t<span class=\"elementor-icon-list-text\">Disponible en finition dor\u00e9e ou blanche<\/span>\n\t\t\t\t\t\t\t\t\t<\/li>\n\t\t\t\t\t\t\t\t<li class=\"elementor-icon-list-item\">\n\t\t\t\t\t\t\t\t\t\t\t<span class=\"elementor-icon-list-icon\">\n\t\t\t\t\t\t\t<svg aria-hidden=\"true\" class=\"e-font-icon-svg e-fas-gem\" viewBox=\"0 0 576 512\" xmlns=\"http:\/\/www.w3.org\/2000\/svg\"><path d=\"M485.5 0L576 160H474.9L405.7 0h79.8zm-128 0l69.2 160H149.3L218.5 0h139zm-267 0h79.8l-69.2 160H0L90.5 0zM0 192h100.7l123 251.7c1.5 3.1-2.7 5.9-5 3.3L0 192zm148.2 0h279.6l-137 318.2c-1 2.4-4.5 2.4-5.5 0L148.2 192zm204.1 251.7l123-251.7H576L357.3 446.9c-2.3 2.7-6.5-.1-5-3.2z\"><\/path><\/svg>\t\t\t\t\t\t<\/span>\n\t\t\t\t\t\t\t\t\t\t<span class=\"elementor-icon-list-text\">Adapt\u00e9 \u00e0 un usage quotidien ou comme cadeau<\/span>\n\t\t\t\t\t\t\t\t\t<\/li>\n\t\t\t\t\t\t\t\t<li class=\"elementor-icon-list-item\">\n\t\t\t\t\t\t\t\t\t\t\t<span class=\"elementor-icon-list-icon\">\n\t\t\t\t\t\t\t<svg aria-hidden=\"true\" class=\"e-font-icon-svg e-fas-gem\" viewBox=\"0 0 576 512\" xmlns=\"http:\/\/www.w3.org\/2000\/svg\"><path d=\"M485.5 0L576 160H474.9L405.7 0h79.8zm-128 0l69.2 160H149.3L218.5 0h139zm-267 0h79.8l-69.2 160H0L90.5 0zM0 192h100.7l123 251.7c1.5 3.1-2.7 5.9-5 3.3L0 192zm148.2 0h279.6l-137 318.2c-1 2.4-4.5 2.4-5.5 0L148.2 192zm204.1 251.7l123-251.7H576L357.3 446.9c-2.3 2.7-6.5-.1-5-3.2z\"><\/path><\/svg>\t\t\t\t\t\t<\/span>\n\t\t\t\t\t\t\t\t\t\t<span class=\"elementor-icon-list-text\">Con\u00e7u pour un port confortable<\/span>\n\t\t\t\t\t\t\t\t\t<\/li>\n\t\t\t\t\t\t<\/ul>\n\t\t\t\t\t\t<\/div>\n\t\t\t\t<\/div>\n\t\t<div class=\"elementor-element elementor-element-238ae16 e-con-full e-flex e-con e-child\" data-id=\"238ae16\" data-element_type=\"container\" data-settings=\"{&quot;background_background&quot;:&quot;classic&quot;}\">\n\t\t\t\t<div class=\"elementor-element elementor-element-6d8c4f4 elementor-widget elementor-widget-image\" data-id=\"6d8c4f4\" data-element_type=\"widget\" data-widget_type=\"image.default\">\n\t\t\t\t\t\t\t\t\t\t\t\t\t\t\t<img fetchpriority=\"high\" decoding=\"async\" width=\"688\" height=\"1024\" src=\"https:\/\/talajoaillerie.com\/wp-content\/uploads\/2025\/09\/handmade-gold-ring-france-tala-2-688x1024.jpeg\" class=\"attachment-large size-large wp-image-507\" alt=\"Bague en or fait main avec un design \u00e9l\u00e9gant \u2013 Maison TALA Joaillerie\" srcset=\"https:\/\/talajoaillerie.com\/wp-content\/uploads\/2025\/09\/handmade-gold-ring-france-tala-2-688x1024.jpeg 688w, https:\/\/talajoaillerie.com\/wp-content\/uploads\/2025\/09\/handmade-gold-ring-france-tala-2-600x893.jpeg 600w, https:\/\/talajoaillerie.com\/wp-content\/uploads\/2025\/09\/handmade-gold-ring-france-tala-2-202x300.jpeg 202w, https:\/\/talajoaillerie.com\/wp-content\/uploads\/2025\/09\/handmade-gold-ring-france-tala-2-768x1142.jpeg 768w, https:\/\/talajoaillerie.com\/wp-content\/uploads\/2025\/09\/handmade-gold-ring-france-tala-2-1033x1536.jpeg 1033w, https:\/\/talajoaillerie.com\/wp-content\/uploads\/2025\/09\/handmade-gold-ring-france-tala-2.jpeg 1290w\" sizes=\"(max-width: 688px) 100vw, 688px\" \/>\t\t\t\t\t\t\t\t\t\t\t\t\t\t\t<\/div>\n\t\t\t\t<\/div>\n\t\t\t\t\t<\/div>\n\t\t\t\t<\/div>\n\t\t<div class=\"elementor-element elementor-element-71580dd e-flex e-con-boxed e-con e-parent\" data-id=\"71580dd\" data-element_type=\"container\">\n\t\t\t\t\t<div class=\"e-con-inner\">\n\t\t\t\t<div class=\"elementor-element elementor-element-7fb6d3d elementor-widget elementor-widget-spacer\" data-id=\"7fb6d3d\" data-element_type=\"widget\" data-widget_type=\"spacer.default\">\n\t\t\t\t\t\t\t<div class=\"elementor-spacer\">\n\t\t\t<div class=\"elementor-spacer-inner\"><\/div>\n\t\t<\/div>\n\t\t\t\t\t\t<\/div>\n\t\t\t\t\t<\/div>\n\t\t\t\t<\/div>\n\t\t<div class=\"elementor-element elementor-element-8a934c4 e-flex e-con-boxed e-con e-parent\" data-id=\"8a934c4\" data-element_type=\"container\" data-settings=\"{&quot;background_background&quot;:&quot;classic&quot;}\">\n\t\t\t\t\t<div class=\"e-con-inner\">\n\t\t\t\t<div class=\"elementor-element elementor-element-b4c8332 elementor-widget elementor-widget-spacer\" data-id=\"b4c8332\" data-element_type=\"widget\" data-widget_type=\"spacer.default\">\n\t\t\t\t\t\t\t<div class=\"elementor-spacer\">\n\t\t\t<div class=\"elementor-spacer-inner\"><\/div>\n\t\t<\/div>\n\t\t\t\t\t\t<\/div>\n\t\t\t\t<div class=\"elementor-element elementor-element-d84204b elementor-widget elementor-widget-heading\" data-id=\"d84204b\" data-element_type=\"widget\" data-widget_type=\"heading.default\">\n\t\t\t\t\t<h2 class=\"elementor-heading-title elementor-size-default\">Bagues d\u2019Exception pour Chaque Instant<\/h2>\t\t\t\t<\/div>\n\t\t\t\t<div class=\"elementor-element elementor-element-a748765 elementor-widget elementor-widget-text-editor\" data-id=\"a748765\" data-element_type=\"widget\" data-widget_type=\"text-editor.default\">\n\t\t\t\t\t\t\t\t\t<p><em data-start=\"366\" data-end=\"503\">D\u00e9couvrez notre collection unique de bagues en or 18.C, \u00e9l\u00e9gantes et intemporelles, con\u00e7ues pour refl\u00e9ter votre style et votre histoire.<\/em><\/p>\t\t\t\t\t\t\t\t<\/div>\n\t\t\t\t<div class=\"elementor-element elementor-element-426a798 elementor-product-loop-item--align-center elementor-grid-4 elementor-grid-tablet-3 elementor-grid-mobile-2 elementor-products-grid elementor-wc-products elementor-widget elementor-widget-woocommerce-products\" data-id=\"426a798\" data-element_type=\"widget\" data-widget_type=\"woocommerce-products.default\">\n\t\t\t\t<div class=\"elementor-widget-container\">\n\t\t\t\t\t<div class=\"woocommerce columns-4 \"><ul class=\"products elementor-grid columns-4\">\n<li class=\"product type-product post-1350 status-publish first instock product_cat-bagues product_cat-bijoux product_tag-bagues has-post-thumbnail shipping-taxable purchasable product-type-simple\">\n\t<a href=\"https:\/\/talajoaillerie.com\/index.php\/product\/dessence\/\" class=\"woocommerce-LoopProduct-link woocommerce-loop-product__link\"><img decoding=\"async\" width=\"300\" height=\"300\" src=\"https:\/\/talajoaillerie.com\/wp-content\/uploads\/2026\/01\/IMG_4682-1-scaled-300x300.jpg\" class=\"attachment-woocommerce_thumbnail size-woocommerce_thumbnail\" alt=\"Un bijou ne de l&#039;essence d&#039;une mere, l&#039;amour originel, silencieux et indefectible\" srcset=\"https:\/\/talajoaillerie.com\/wp-content\/uploads\/2026\/01\/IMG_4682-1-scaled-300x300.jpg 300w, https:\/\/talajoaillerie.com\/wp-content\/uploads\/2026\/01\/IMG_4682-1-scaled-100x100.jpg 100w, https:\/\/talajoaillerie.com\/wp-content\/uploads\/2026\/01\/IMG_4682-1-150x150.jpg 150w\" sizes=\"(max-width: 300px) 100vw, 300px\" \/><h2 class=\"woocommerce-loop-product__title\">D&#8217;essence<\/h2><div class=\"star-rating\" role=\"img\" aria-label=\"Rated 5.00 out of 5\"><span style=\"width:100%\">Rated <strong class=\"rating\">5.00<\/strong> out of 5<\/span><\/div>\n\t<span class=\"price\"><span class=\"woocommerce-Price-amount amount\"><bdi>684,00&nbsp;<span class=\"woocommerce-Price-currencySymbol\">&euro;<\/span><\/bdi><\/span><\/span>\n<\/a><div class=\"woocommerce-loop-product__buttons\"><a href=\"\/index.php\/wp-json\/wp\/v2\/pages\/873?add-to-cart=1350\" aria-describedby=\"woocommerce_loop_add_to_cart_link_describedby_1350\" data-quantity=\"1\" class=\"button product_type_simple add_to_cart_button ajax_add_to_cart\" data-product_id=\"1350\" data-product_sku=\"\" aria-label=\"Add to cart: &ldquo;D&#039;essence&rdquo;\" rel=\"nofollow\" data-success_message=\"&ldquo;D&#039;essence&rdquo; has been added to your cart\" role=\"button\">Add to cart<\/a><\/div>\t<span id=\"woocommerce_loop_add_to_cart_link_describedby_1350\" class=\"screen-reader-text\">\n\t\t\t<\/span>\n<\/li>\n<li class=\"product type-product post-1092 status-publish instock product_cat-bagues product_cat-bijoux has-post-thumbnail shipping-taxable purchasable product-type-simple\">\n\t<a href=\"https:\/\/talajoaillerie.com\/index.php\/product\/bague-elie-brillant-lumineux\/\" class=\"woocommerce-LoopProduct-link woocommerce-loop-product__link\"><img decoding=\"async\" width=\"300\" height=\"300\" src=\"https:\/\/talajoaillerie.com\/wp-content\/uploads\/2025\/09\/handmade-gold-ring-france-tala-3-300x300.jpeg\" class=\"attachment-woocommerce_thumbnail size-woocommerce_thumbnail\" alt=\"Bague en or fait main avec un design \u00e9l\u00e9gant \u2013 Maison TALA Joaillerie\" srcset=\"https:\/\/talajoaillerie.com\/wp-content\/uploads\/2025\/09\/handmade-gold-ring-france-tala-3-300x300.jpeg 300w, https:\/\/talajoaillerie.com\/wp-content\/uploads\/2025\/09\/handmade-gold-ring-france-tala-3-100x100.jpeg 100w, https:\/\/talajoaillerie.com\/wp-content\/uploads\/2025\/09\/handmade-gold-ring-france-tala-3-150x150.jpeg 150w\" sizes=\"(max-width: 300px) 100vw, 300px\" \/><h2 class=\"woocommerce-loop-product__title\">Bague \u201cElie Brillant Lumineux\u201d<\/h2><div class=\"star-rating\" role=\"img\" aria-label=\"Rated 5.00 out of 5\"><span style=\"width:100%\">Rated <strong class=\"rating\">5.00<\/strong> out of 5<\/span><\/div>\n\t<span class=\"price\"><span class=\"woocommerce-Price-amount amount\"><bdi>581,40&nbsp;<span class=\"woocommerce-Price-currencySymbol\">&euro;<\/span><\/bdi><\/span><\/span>\n<\/a><div class=\"woocommerce-loop-product__buttons\"><a href=\"\/index.php\/wp-json\/wp\/v2\/pages\/873?add-to-cart=1092\" aria-describedby=\"woocommerce_loop_add_to_cart_link_describedby_1092\" data-quantity=\"1\" class=\"button product_type_simple add_to_cart_button ajax_add_to_cart\" data-product_id=\"1092\" data-product_sku=\"\" aria-label=\"Add to cart: &ldquo;Bague \u201cElie Brillant Lumineux\u201d&rdquo;\" rel=\"nofollow\" data-success_message=\"&ldquo;Bague \u201cElie Brillant Lumineux\u201d&rdquo; has been added to your cart\" role=\"button\">Add to cart<\/a><\/div>\t<span id=\"woocommerce_loop_add_to_cart_link_describedby_1092\" class=\"screen-reader-text\">\n\t\t\t<\/span>\n<\/li>\n<li class=\"product type-product post-872 status-publish instock product_cat-bagues product_cat-bijoux has-post-thumbnail shipping-taxable purchasable product-type-simple\">\n\t<a href=\"https:\/\/talajoaillerie.com\/index.php\/product\/bague-ora-en-argent-925-avec-pierre-etincelante\/\" class=\"woocommerce-LoopProduct-link woocommerce-loop-product__link\"><img loading=\"lazy\" decoding=\"async\" width=\"300\" height=\"300\" src=\"https:\/\/talajoaillerie.com\/wp-content\/uploads\/2025\/09\/gold-handmade-ring-tala-joaillerie-\u06f2-300x300.jpg\" class=\"attachment-woocommerce_thumbnail size-woocommerce_thumbnail\" alt=\"Alt text: Bague en or fait main avec un design \u00e9l\u00e9gant \u2013 Maison TALA Joaillerie\" srcset=\"https:\/\/talajoaillerie.com\/wp-content\/uploads\/2025\/09\/gold-handmade-ring-tala-joaillerie-\u06f2-300x300.jpg 300w, https:\/\/talajoaillerie.com\/wp-content\/uploads\/2025\/09\/gold-handmade-ring-tala-joaillerie-\u06f2-100x100.jpg 100w, https:\/\/talajoaillerie.com\/wp-content\/uploads\/2025\/09\/gold-handmade-ring-tala-joaillerie-\u06f2-150x150.jpg 150w\" sizes=\"(max-width: 300px) 100vw, 300px\" \/><h2 class=\"woocommerce-loop-product__title\">Bague \u201cOra\u201d<\/h2>\n\t<span class=\"price\"><span class=\"woocommerce-Price-amount amount\"><bdi>456,00&nbsp;<span class=\"woocommerce-Price-currencySymbol\">&euro;<\/span><\/bdi><\/span><\/span>\n<\/a><div class=\"woocommerce-loop-product__buttons\"><a href=\"\/index.php\/wp-json\/wp\/v2\/pages\/873?add-to-cart=872\" aria-describedby=\"woocommerce_loop_add_to_cart_link_describedby_872\" data-quantity=\"1\" class=\"button product_type_simple add_to_cart_button ajax_add_to_cart\" data-product_id=\"872\" data-product_sku=\"\" aria-label=\"Add to cart: &ldquo;Bague \u201cOra\u201d&rdquo;\" rel=\"nofollow\" data-success_message=\"&ldquo;Bague \u201cOra\u201d&rdquo; has been added to your cart\" role=\"button\">Add to cart<\/a><\/div>\t<span id=\"woocommerce_loop_add_to_cart_link_describedby_872\" class=\"screen-reader-text\">\n\t\t\t<\/span>\n<\/li>\n<\/ul>\n<\/div>\t\t\t\t<\/div>\n\t\t\t\t<\/div>\n\t\t\t\t\t<\/div>\n\t\t\t\t<\/div>\n\t\t<div class=\"elementor-element elementor-element-450df9d e-flex e-con-boxed e-con e-parent\" data-id=\"450df9d\" data-element_type=\"container\" data-settings=\"{&quot;background_background&quot;:&quot;classic&quot;}\">\n\t\t\t\t\t<div class=\"e-con-inner\">\n\t\t\t\t<div class=\"elementor-element elementor-element-bb02bf1 elementor-widget elementor-widget-spacer\" data-id=\"bb02bf1\" data-element_type=\"widget\" data-widget_type=\"spacer.default\">\n\t\t\t\t\t\t\t<div class=\"elementor-spacer\">\n\t\t\t<div class=\"elementor-spacer-inner\"><\/div>\n\t\t<\/div>\n\t\t\t\t\t\t<\/div>\n\t\t\t\t\t<\/div>\n\t\t\t\t<\/div>\n\t\t<div class=\"elementor-element elementor-element-2961330 e-flex e-con-boxed e-con e-parent\" data-id=\"2961330\" data-element_type=\"container\">\n\t\t\t\t\t<div class=\"e-con-inner\">\n\t\t\t\t<div class=\"elementor-element elementor-element-94e3434 elementor-widget elementor-widget-spacer\" data-id=\"94e3434\" data-element_type=\"widget\" data-widget_type=\"spacer.default\">\n\t\t\t\t\t\t\t<div class=\"elementor-spacer\">\n\t\t\t<div class=\"elementor-spacer-inner\"><\/div>\n\t\t<\/div>\n\t\t\t\t\t\t<\/div>\n\t\t\t\t\t<\/div>\n\t\t\t\t<\/div>\n\t\t<div class=\"elementor-element elementor-element-618481a e-flex e-con-boxed e-con e-parent\" data-id=\"618481a\" data-element_type=\"container\">\n\t\t\t\t\t<div class=\"e-con-inner\">\n\t\t<div class=\"elementor-element elementor-element-de070fd e-con-full e-flex e-con e-child\" data-id=\"de070fd\" data-element_type=\"container\">\n\t\t\t\t<div class=\"elementor-element elementor-element-e0a7a4e elementor-widget elementor-widget-image\" data-id=\"e0a7a4e\" data-element_type=\"widget\" data-widget_type=\"image.default\">\n\t\t\t\t\t\t\t\t\t\t\t\t\t\t\t<img loading=\"lazy\" decoding=\"async\" width=\"692\" height=\"1024\" src=\"https:\/\/talajoaillerie.com\/wp-content\/uploads\/2025\/09\/handmade-gold-ring-france-tala-3-692x1024.jpeg\" class=\"attachment-large size-large wp-image-508\" alt=\"Bague en or fait main avec un design \u00e9l\u00e9gant \u2013 Maison TALA Joaillerie\" srcset=\"https:\/\/talajoaillerie.com\/wp-content\/uploads\/2025\/09\/handmade-gold-ring-france-tala-3-692x1024.jpeg 692w, https:\/\/talajoaillerie.com\/wp-content\/uploads\/2025\/09\/handmade-gold-ring-france-tala-3-600x888.jpeg 600w, https:\/\/talajoaillerie.com\/wp-content\/uploads\/2025\/09\/handmade-gold-ring-france-tala-3-203x300.jpeg 203w, https:\/\/talajoaillerie.com\/wp-content\/uploads\/2025\/09\/handmade-gold-ring-france-tala-3-768x1137.jpeg 768w, https:\/\/talajoaillerie.com\/wp-content\/uploads\/2025\/09\/handmade-gold-ring-france-tala-3-1037x1536.jpeg 1037w, https:\/\/talajoaillerie.com\/wp-content\/uploads\/2025\/09\/handmade-gold-ring-france-tala-3.jpeg 1290w\" sizes=\"(max-width: 692px) 100vw, 692px\" \/>\t\t\t\t\t\t\t\t\t\t\t\t\t\t\t<\/div>\n\t\t\t\t<\/div>\n\t\t<div class=\"elementor-element elementor-element-371d251 e-con-full e-flex e-con e-child\" data-id=\"371d251\" data-element_type=\"container\">\n\t\t\t\t<div class=\"elementor-element elementor-element-39e84c7 elementor-widget elementor-widget-heading\" data-id=\"39e84c7\" data-element_type=\"widget\" data-widget_type=\"heading.default\">\n\t\t\t\t\t<h2 class=\"elementor-heading-title elementor-size-default\">Mode de Vente<\/h2>\t\t\t\t<\/div>\n\t\t\t\t<div class=\"elementor-element elementor-element-b8c5784 elementor-widget elementor-widget-text-editor\" data-id=\"b8c5784\" data-element_type=\"widget\" data-widget_type=\"text-editor.default\">\n\t\t\t\t\t\t\t\t\t<h4 data-start=\"128\" data-end=\"161\">Notre processus de vente<\/h4><ol data-start=\"162\" data-end=\"644\"><li data-start=\"162\" data-end=\"233\"><p data-start=\"165\" data-end=\"233\"><strong data-start=\"165\" data-end=\"199\">Choisissez votre bijou pr\u00e9f\u00e9r\u00e9<\/strong> dans notre collection en ligne.<\/p><\/li><li data-start=\"234\" data-end=\"395\"><p data-start=\"237\" data-end=\"395\"><strong data-start=\"237\" data-end=\"260\">Pr\u00e9sentation priv\u00e9e<\/strong> : nous organisons une rencontre personnalis\u00e9e, o\u00f9 vous pourrez voir et essayer votre s\u00e9lection.<\/p><\/li><li data-start=\"396\" data-end=\"490\"><p data-start=\"399\" data-end=\"490\"><strong data-start=\"399\" data-end=\"437\">Appr\u00e9ciez la qualit\u00e9 et la finesse<\/strong> du travail artisanal avant de d\u00e9cider votre achat.<\/p><\/li><li data-start=\"491\" data-end=\"644\"><p data-start=\"494\" data-end=\"644\"><strong data-start=\"494\" data-end=\"519\">Authenticit\u00e9 garantie<\/strong> : chaque bijou est accompagn\u00e9 d\u2019un certificat officiel et respecte la l\u00e9gislation fran\u00e7aise en mati\u00e8re de vente de bijoux.<\/p><\/li><\/ol>\t\t\t\t\t\t\t\t<\/div>\n\t\t\t\t<div class=\"elementor-element elementor-element-7a76393 elementor-widget elementor-widget-heading\" data-id=\"7a76393\" data-element_type=\"widget\" data-widget_type=\"heading.default\">\n\t\t\t\t\t<h2 class=\"elementor-heading-title elementor-size-default\">Contactez-nous pour une pr\u00e9sentation priv\u00e9e<\/h2>\t\t\t\t<\/div>\n\t\t\t\t<div class=\"elementor-element elementor-element-9242107 elementor-widget elementor-widget-spacer\" data-id=\"9242107\" data-element_type=\"widget\" data-widget_type=\"spacer.default\">\n\t\t\t\t\t\t\t<div class=\"elementor-spacer\">\n\t\t\t<div class=\"elementor-spacer-inner\"><\/div>\n\t\t<\/div>\n\t\t\t\t\t\t<\/div>\n\t\t\t\t<div class=\"elementor-element elementor-element-bd84351 elementor-align-left elementor-mobile-align-justify elementor-widget elementor-widget-button\" data-id=\"bd84351\" data-element_type=\"widget\" data-widget_type=\"button.default\">\n\t\t\t\t\t\t\t\t\t\t<a class=\"elementor-button elementor-button-link elementor-size-sm elementor-animation-wobble-horizontal\" href=\"https:\/\/wa.me\/+33768895593\">\n\t\t\t\t\t\t<span class=\"elementor-button-content-wrapper\">\n\t\t\t\t\t\t<span class=\"elementor-button-icon\">\n\t\t\t\t<svg aria-hidden=\"true\" class=\"e-font-icon-svg e-fab-whatsapp\" viewBox=\"0 0 448 512\" xmlns=\"http:\/\/www.w3.org\/2000\/svg\"><path d=\"M380.9 97.1C339 55.1 283.2 32 223.9 32c-122.4 0-222 99.6-222 222 0 39.1 10.2 77.3 29.6 111L0 480l117.7-30.9c32.4 17.7 68.9 27 106.1 27h.1c122.3 0 224.1-99.6 224.1-222 0-59.3-25.2-115-67.1-157zm-157 341.6c-33.2 0-65.7-8.9-94-25.7l-6.7-4-69.8 18.3L72 359.2l-4.4-7c-18.5-29.4-28.2-63.3-28.2-98.2 0-101.7 82.8-184.5 184.6-184.5 49.3 0 95.6 19.2 130.4 54.1 34.8 34.9 56.2 81.2 56.1 130.5 0 101.8-84.9 184.6-186.6 184.6zm101.2-138.2c-5.5-2.8-32.8-16.2-37.9-18-5.1-1.9-8.8-2.8-12.5 2.8-3.7 5.6-14.3 18-17.6 21.8-3.2 3.7-6.5 4.2-12 1.4-32.6-16.3-54-29.1-75.5-66-5.7-9.8 5.7-9.1 16.3-30.3 1.8-3.7.9-6.9-.5-9.7-1.4-2.8-12.5-30.1-17.1-41.2-4.5-10.8-9.1-9.3-12.5-9.5-3.2-.2-6.9-.2-10.6-.2-3.7 0-9.7 1.4-14.8 6.9-5.1 5.6-19.4 19-19.4 46.3 0 27.3 19.9 53.7 22.6 57.4 2.8 3.7 39.1 59.7 94.8 83.8 35.2 15.2 49 16.5 66.6 13.9 10.7-1.6 32.8-13.4 37.4-26.4 4.6-13 4.6-24.1 3.2-26.4-1.3-2.5-5-3.9-10.5-6.6z\"><\/path><\/svg>\t\t\t<\/span>\n\t\t\t\t\t\t\t\t\t<span class=\"elementor-button-text\">R\u00e9server via WhatsApp<\/span>\n\t\t\t\t\t<\/span>\n\t\t\t\t\t<\/a>\n\t\t\t\t\t\t\t\t<\/div>\n\t\t\t\t<div class=\"elementor-element elementor-element-fed9fd4 elementor-widget elementor-widget-spacer\" data-id=\"fed9fd4\" data-element_type=\"widget\" data-widget_type=\"spacer.default\">\n\t\t\t\t\t\t\t<div class=\"elementor-spacer\">\n\t\t\t<div class=\"elementor-spacer-inner\"><\/div>\n\t\t<\/div>\n\t\t\t\t\t\t<\/div>\n\t\t\t\t<\/div>\n\t\t\t\t\t<\/div>\n\t\t\t\t<\/div>\n\t\t<div class=\"elementor-element elementor-element-778703f e-flex e-con-boxed e-con e-parent\" data-id=\"778703f\" data-element_type=\"container\">\n\t\t\t\t\t<div class=\"e-con-inner\">\n\t\t\t\t<div class=\"elementor-element elementor-element-bfb961a elementor-widget elementor-widget-spacer\" data-id=\"bfb961a\" data-element_type=\"widget\" data-widget_type=\"spacer.default\">\n\t\t\t\t\t\t\t<div class=\"elementor-spacer\">\n\t\t\t<div class=\"elementor-spacer-inner\"><\/div>\n\t\t<\/div>\n\t\t\t\t\t\t<\/div>\n\t\t\t\t\t<\/div>\n\t\t\t\t<\/div>\n\t\t\t\t<\/div>\n\t\t","protected":false},"excerpt":{"rendered":"<p>Fabrication artisanale Collection de bagues Les bagues de Maison Tala Joaillerie sont r\u00e9alis\u00e9es en or 18.C et propos\u00e9es en finition dor\u00e9e ou blanche.La collection comprend des mod\u00e8les adapt\u00e9s au quotidien ainsi que des cr\u00e9ations destin\u00e9es \u00e0 des occasions particuli\u00e8res.Chaque bague pr\u00e9sente un design sobre et peut \u00eatre port\u00e9e seule ou associ\u00e9e \u00e0 d\u2019autres bijoux. Les [&hellip;]<\/p>\n","protected":false},"author":1,"featured_media":0,"parent":0,"menu_order":0,"comment_status":"closed","ping_status":"closed","template":"elementor_header_footer","meta":{"footnotes":""},"class_list":["post-873","page","type-page","status-publish","hentry"],"_links":{"self":[{"href":"https:\/\/talajoaillerie.com\/index.php\/wp-json\/wp\/v2\/pages\/873","targetHints":{"allow":["GET"]}}],"collection":[{"href":"https:\/\/talajoaillerie.com\/index.php\/wp-json\/wp\/v2\/pages"}],"about":[{"href":"https:\/\/talajoaillerie.com\/index.php\/wp-json\/wp\/v2\/types\/page"}],"author":[{"embeddable":true,"href":"https:\/\/talajoaillerie.com\/index.php\/wp-json\/wp\/v2\/users\/1"}],"replies":[{"embeddable":true,"href":"https:\/\/talajoaillerie.com\/index.php\/wp-json\/wp\/v2\/comments?post=873"}],"version-history":[{"count":90,"href":"https:\/\/talajoaillerie.com\/index.php\/wp-json\/wp\/v2\/pages\/873\/revisions"}],"predecessor-version":[{"id":1454,"href":"https:\/\/talajoaillerie.com\/index.php\/wp-json\/wp\/v2\/pages\/873\/revisions\/1454"}],"wp:attachment":[{"href":"https:\/\/talajoaillerie.com\/index.php\/wp-json\/wp\/v2\/media?parent=873"}],"curies":[{"name":"wp","href":"https:\/\/api.w.org\/{rel}","templated":true}]}}