{"id":984,"date":"2025-09-29T08:53:08","date_gmt":"2025-09-29T08:53:08","guid":{"rendered":"https:\/\/talajoaillerie.com\/?post_type=product&#038;p=984"},"modified":"2026-02-07T08:11:37","modified_gmt":"2026-02-07T08:11:37","slug":"aura","status":"publish","type":"product","link":"https:\/\/talajoaillerie.com\/index.php\/product\/aura\/","title":{"rendered":"Collier Aura"},"content":{"rendered":"<p data-start=\"379\" data-end=\"521\">Le collier Aura est r\u00e9alis\u00e9 en or 18.C avec une finition dor\u00e9e. Son design minimaliste, sans pierre, met l\u2019accent sur la forme et la mati\u00e8re.<\/p>\n<p data-start=\"528\" data-end=\"670\">Ce mod\u00e8le est con\u00e7u pour un usage quotidien et peut \u00eatre port\u00e9 seul ou assorti aux boucles d\u2019oreilles coordonn\u00e9es pour un ensemble harmonieux.<\/p>\n<p data-start=\"672\" data-end=\"694\"><strong data-start=\"672\" data-end=\"694\">Caract\u00e9ristiques :<\/strong><\/p>\n<ul>\n<li style=\"list-style-type: none;\">\n<ul data-start=\"696\" data-end=\"979\">\n<li data-start=\"696\" data-end=\"722\">\n<p data-start=\"698\" data-end=\"722\">Or 18.C, finition dor\u00e9e<\/p>\n<\/li>\n<li data-start=\"723\" data-end=\"752\">\n<p data-start=\"725\" data-end=\"752\">Design \u00e9pur\u00e9, sans pierre<\/p>\n<\/li>\n<li data-start=\"753\" data-end=\"811\">\n<p data-start=\"755\" data-end=\"811\">Cha\u00eene de longueur standard, adapt\u00e9e au port quotidien<\/p>\n<\/li>\n<li data-start=\"812\" data-end=\"836\">\n<p data-start=\"814\" data-end=\"836\">L\u00e9ger et confortable<\/p>\n<\/li>\n<li data-start=\"837\" data-end=\"903\">\n<p data-start=\"839\" data-end=\"903\">Convient \u00e0 un usage quotidien ou \u00e0 des occasions particuli\u00e8res<\/p>\n<\/li>\n<li data-start=\"904\" data-end=\"979\">\n<p data-start=\"906\" data-end=\"979\">Peut \u00eatre port\u00e9 seul ou en parure avec les boucles d\u2019oreilles assorties<\/p>\n<\/li>\n<\/ul>\n<\/li>\n<\/ul>\n","protected":false},"excerpt":{"rendered":"<p>Collier en or 18.C dor\u00e9, au design minimaliste et sans pierre.<br data-start=\"213\" data-end=\"216\" \/>Con\u00e7u pour un port quotidien, il peut \u00eatre port\u00e9 seul ou associ\u00e9 aux boucles d\u2019oreilles assorties.<\/p>\n","protected":false},"featured_media":334,"comment_status":"open","ping_status":"closed","template":"","meta":[],"product_brand":[],"product_cat":[32,34,37,35],"product_tag":[],"class_list":{"0":"post-984","1":"product","2":"type-product","3":"status-publish","4":"has-post-thumbnail","6":"product_cat-bijoux","7":"product_cat-alliances","8":"product_cat-boucles-doreilles","9":"product_cat-colliers","11":"first","12":"instock","13":"shipping-taxable","14":"purchasable","15":"product-type-simple"},"_links":{"self":[{"href":"https:\/\/talajoaillerie.com\/index.php\/wp-json\/wp\/v2\/product\/984","targetHints":{"allow":["GET"]}}],"collection":[{"href":"https:\/\/talajoaillerie.com\/index.php\/wp-json\/wp\/v2\/product"}],"about":[{"href":"https:\/\/talajoaillerie.com\/index.php\/wp-json\/wp\/v2\/types\/product"}],"replies":[{"embeddable":true,"href":"https:\/\/talajoaillerie.com\/index.php\/wp-json\/wp\/v2\/comments?post=984"}],"wp:featuredmedia":[{"embeddable":true,"href":"https:\/\/talajoaillerie.com\/index.php\/wp-json\/wp\/v2\/media\/334"}],"wp:attachment":[{"href":"https:\/\/talajoaillerie.com\/index.php\/wp-json\/wp\/v2\/media?parent=984"}],"wp:term":[{"taxonomy":"product_brand","embeddable":true,"href":"https:\/\/talajoaillerie.com\/index.php\/wp-json\/wp\/v2\/product_brand?post=984"},{"taxonomy":"product_cat","embeddable":true,"href":"https:\/\/talajoaillerie.com\/index.php\/wp-json\/wp\/v2\/product_cat?post=984"},{"taxonomy":"product_tag","embeddable":true,"href":"https:\/\/talajoaillerie.com\/index.php\/wp-json\/wp\/v2\/product_tag?post=984"}],"curies":[{"name":"wp","href":"https:\/\/api.w.org\/{rel}","templated":true}]}}